 is 3122443 + -10?
3122433
In base 12, what is -2430 + 6?
-2426
In base 8, what is 46206 + 5?
46213
In base 5, what is 3010422 - -10?
3010432
In base 7, what is -21 - 141?
-162
In base 13, what is 403 + 5?
408
In base 8, what is -3071 - -170?
-2701
In base 9, what is 175035 + -5?
175030
In base 13, what is 1263 - -3?
1266
In base 12, what is 4 - -4b78?
4b80
In base 12, what is 3a3b6 - -23?
3a419
In base 14, what is 38b5 - -11?
38c6
In base 2, what is 10011101100101 + 1000?
10011101101101
In base 14, what is 7a8d - 14?
7a79
In base 16, what is 5 - -cefe?
cf03
In base 11, what is -4 - 5716?
-571a
In base 4, what is -3120 - 1202011?
-1211131
In base 16, what is -a6 - -5e?
-48
In base 6, what is 4 - -12215?
12223
In base 7, what is 64 + -320?
-223
In base 13, what is 956 - a74?
-11b
In base 16, what is 4c15 + -e?
4c07
In base 16, what is -1b0c1 + 3?
-1b0be
In base 13, what is -1482 - 1?
-1483
In base 3, what is -120122200 - -112?
-120122011
In base 10, what is 3 - -9888?
9891
In base 15, what is -6 - 2a9c3?
-2a9c9
In base 15, what is 163 + 93?
206
In base 14, what is 7 - -9414?
941b
In base 7, what is 146413 - -44?
146460
In base 14, what is -4 - 441a?
-4420
In base 14, what is 34c - da?
252
In base 9, what is -5 - -8434?
8428
In base 15, what is 5 - -1607?
160c
In base 15, what is -1c4 - -cc?
-e7
In base 12, what is -1a014 + a?
-1a006
In base 14, what is -6b56a - -1?
-6b569
In base 5, what is 2 + -102132220?
-102132213
In base 10, what is 33 - 4353?
-4320
In base 11, what is -4809 + 4?
-4805
In base 11, what is -1 + 22188?
22187
In base 7, what is 452222 - -1?
452223
In base 10, what is 144 - 38?
106
In base 16, what is 25bd + -1b?
25a2
In base 12, what is 48193 - 1?
48192
In base 3, what is -1 + 202022200?
202022122
In base 6, what is -11553 + -24?
-12021
In base 9, what is 25527 - -2?
25530
In base 3, what is 22 - -120100000?
120100022
In base 10, what is -1028 - 1804?
-2832
In base 5, what is 122241 + 132?
122423
In base 14, what is 10a + 6892?
699c
In base 11, what is -1 - 124103?
-124104
In base 12, what is -1b - -4ab?
490
In base 5, what is 120 + -121321?
-121201
In base 6, what is -152444 + -2?
-152450
In base 7, what is 2661 + -3?
2655
In base 6, what is 12 - 1501133?
-1501121
In base 13, what is -1394b - -8a?
-13891
In base 16, what is -3e + -3c9?
-407
In base 13, what is 8 - 108c9?
-108c1
In base 7, what is -2215002 - -1?
-2215001
In base 13, what is -4 - 2b8?
-2bc
In base 9, what is -1612 - -1043?
-558
In base 11, what is -65570 + -2?
-65572
In base 8, what is 425 + 627?
1254
In base 4, what is -203202 + -111133?
-321001
In base 11, what is 1068 + 3?
1070
In base 16, what is 5 - -25684?
25689
In base 14, what is 1 - -6a91?
6a92
In base 15, what is 266 - -30?
296
In base 11, what is 4 - 34067?
-34063
In base 6, what is 1 + 20135?
20140
In base 6, what is -14203 - -4?
-14155
In base 5, what is -10 - -340431?
340421
In base 6, what is 3 + 133444?
133451
In base 3, what is 10120221 + 20?
10121011
In base 4, what is 33213 - -1122?
101001
In base 6, what is 304 + -21314?
-21010
In base 7, what is 10 - 11603?
-11563
In base 6, what is -14 - -3205?
3151
In base 11, what is -4 + 2496a?
24966
In base 7, what is 5 - 156646?
-156641
In base 4, what is 232021 + 1120?
233201
In base 6, what is -2 + -35301225?
-35301231
In base 15, what is 120b + -39?
11c2
In base 3, what is -2002111122 + 11?
-2002111111
In base 11, what is -4668 + -4?
-4671
In base 13, what is 63b07 + -9?
63acb
In base 12, what is b14 - 32?
aa2
In base 5, what is -3031332 - 100?
-3031432
In base 6, what is 1032230 - -113?
1032343
In base 8, what is -1 + 265710?
265707
In base 8, what is -113117 - 1?
-113120
In base 14, what is 2 - -54c30?
54c32
In base 5, what is 300313 + -211?
300102
In base 13, what is 984328 + 5?
984330
In base 8, what is 13445 - -4?
13451
In base 14, what is -117b + -d?
-118a
In base 6, what is -1 + 133204?
133203
In base 6, what is -1 - 111140?
-111141
In base 6, what is 143 - 34243?
-34100
In base 16, what is 48 + 5ea?
632
In base 10, what is 206 - 502?
-296
In base 9, what is 14816 + -5?
14811
In base 16, what is -3425 - -6?
-341f
In base 10, what is 5 - -108584?
108589
In base 9, what is -1185 + 1?
-1184
In base 10, what is 474325 - -7?
474332
In base 8, what is -2 + -1476776?
-1477000
In base 15, what is -73b - 191?
-8cc
In base 7, what is -3 - 114025?
-114031
In base 14, what is -1d - 3a?
-59
In base 13, what is -3 - -1a7486?
1a7483
In base 10, what is -4 + -1102?
-1106
In base 8, what is -11 + -6314?
-6325
In base 9, what is -503 + -15?
-518
In base 7, what is 11052 - 136?
10613
In base 12, what is 127 + -117?
10
In base 12, what is 225a3 - 0?
225a3
In base 2, what is 11 + -11100010011100?
-11100010011001
In base 11, what is -226 - 10?
-236
In base 6, what is -43423 + 3?
-43420
In base 3, what is 110 + 222201001?
222201111
In base 6, what is -4 + -1201033?
-1201041
In base 16, what is -1 - 933?
-934
In base 4, what is -113100 + -2131?
-121231
In base 5, what is -1014 - 342003?
-343022
In base 3, what is -1200 - 102212012?
-102220212
In base 10, what is 0 + -65240?
-65240
In base 4, what is -10323 + 103?
-10220
In base 12, what is 14 - 181998?
-181984
In base 5, what is 1 + -31411211?
-31411210
In base 4, what is -3 + -202212?
-202221
In base 11, what is 2755 - 300?
2455
In base 5, what is 1 - -100331311?
100331312
In base 5, what is -23404 - 20?
-23424
In base 9, what is -3 - -87742?
87738
In base 9, what is -2075 - -8?
-2066
In base 14, what is -24 + 180?
15a
In base 4, what is -12001330 + 10?
-12001320
In base 6, what is 534200 + 1?
534201
In base 15, what is 51d8 + 0?
51d8
In base 13, what is 31 + -368?
-337
In base 15, what is 11d - -9b1?
ace
In base 14, what is -2236d - 1?
-22370
In base 7, what is 11 + 41565?
41606
In base 15, what is 8d249 - 2?
8d247
In base 10, what is 195587 + 5?
195592
In base 15, what is -5e - 6d9?
-748
In base 6, what is 1002441 + 5?
1002450
In base 2, what is 101001 - -110000110010?
110001011011
In base 15, what is -38d + -c46?
-10d4
In base 13, what is 615 + -299?
349
In base 13, what is 205b + 34?
2092
In base 3, what is -100101110 - 1212?
-100110022
In base 6, what is 542 + 13503?
14445
In base 8, what is -351 + -213?
-564
In base 11, what is 3 - -54272?
54275
In base 11, what is 304768 - 4?
304764
In base 16, what is 65 - 2f?
36
In base 11, what is 0 - -148323?
148323
In base 10, what is -168206 - -22?
-168184
In base 10, what is 0 - 937053?
-937053
In base 11, what is -50 + -104?
-154
In base 12, what is 0 - -2115ba?
2115ba
In base 7, what is -36335 + 20?
-36315
In base 13, what is -43 - -57?
14
In base 14, what is -452 - a7d?
-10d1
In base 14, what is 33a + -5a8?
-26c
In base 15, what is 0 + 1303a?
1303a
In base 15, what is -1 - 3c049?
-3c04a
In base 12, what is 90 - -1506?
1596
In base 6, what is -23015 + 1021?
-21554
In base 12, what is 3a + 1999?
1a17
In base 9, what is 136 + -342?
-205
In base 7, what is -5 - 2440500?
-2440505
In base 4, what is -31213220110 - -11?
-31213220033
In base 2, what is -11110100001 - -11111011?
-11010100110
In base 5, what is 23 - 113443?
-113420
In base 2, what is -101110011 + -101000?
-110011011
In base 16, what is 0 + 3b7?
3b7
In base 16, what is -25 - 1dbe?
-1de3
In base 8, what is -1 + 16343?
16342
In base 12, what is -119b8 - 45?
-11a41
In base 15, what is 49c + -6e7?
-24a
In base 15, what is 1844 + 9?
184d
In base 3, what is 1202210010 + -2?
1202210001
In base 9, what is 112 - 130?
-17
In base 15, what is 21 + 1153e?
11560
In base 12, what is 43aab + 5?
43ab4
In base 10, what is 1 - -8254?
8255
In base 11, what is 2781a + 53?
27872
In base 11, what is -56 + -4334?
-438a
In base 14, what is d343 - 2?
d341
In base 11, what is -22 + 230?
209
In base 8, what is -6 - 4632?
-4640
In base 2, what is 1101 - -1100011000000100?
1100011000010001
In base 9, what is 51333 + -8?
51324
In base 2, what is 10 - 10011011011101?
-10011011011011
In base 11, what is 3554a1 - -1?
3554a2
In base 15, what is 5071 - -7?
5078
In base 13, what is -133398 - -4?
-133394
In base 6, what is -342203 + 0?
-342203
In base 16, what is -b - 439?
-444
In base 4, what is -32001011 + 1?
-32001010
In base 11, what is 30 + 355?
385
In base 16, what is -10 + -3e5e?
-3e6e
In base 16, what is -11 - -7156?
7145
In base 1